 209*s - 208. Let n be a(-1). What is the highest common factor of c and n?
61
Let b(m) = -7*m + 139. Let w be b(28). Let j be -5 + (3 - 7 - w). Calculate the greatest common divisor of j and 72.
24
Let v = -729 - -759. Let i = -169 + 184. What is the highest common factor of v and i?
15
Let t = -6835 - -6845. What is the highest common divisor of 5020 and t?
10
Suppose -4*j - 135 = j. Let u = j + 46. Suppose -75 = -a + 115. Calculate the highest common factor of u and a.
19
Let n = -1584 - -1600. Let p be (-75)/(-10)*1*(-56)/(-21). What is the greatest common factor of p and n?
4
Let u = 51 + -46. Suppose 0 = c + u + 1. Let h(y) = -2*y**2 - 9*y + 20. Let n be h(c). What is the greatest common factor of 7 and n?
1
Suppose -2*d - 53 = 5*v - 32, 5*v = -25. Let u(q) = -q**3 + 9*q**2 - 9*q - 1. Let n be u(7). What is the greatest common factor of n and d?
2
Let y be 74/14 - (-20)/(-70). Suppose 5*d - z + 770 = z, y*z - 25 = 0. Let b = -52 - d. Calculate the highest common factor of 25 and b.
25
Let k(c) = -c**3 - 23*c**2 - 66*c + 89. Let q be k(-21). What is the greatest common divisor of 1 and q?
1
Suppose 0 = -14*a - 23*a + 22446 + 36569. Calculate the greatest common factor of 29 and a.
29
Let w(c) = 6*c**2 - 2. Let b = 79 - 77. Let m be w(b). Let i(f) = -f**3 - 8*f**2 - 2*f + 6. Let o be i(-8). Calculate the greatest common divisor of o and m.
22
Suppose -54*h + 49*h = -4*a + 366, 129 = a + 5*h. What is the greatest common divisor of 77 and a?
11
Let b = -11878 + 12328. Calculate the highest common divisor of b and 4100.
50
Let m(x) = -22*x + 906. Let t be m(41). What is the highest common divisor of t and 704?
4
Suppose -l - h - 11 + 76 = 0, -5*l + 346 = 2*h. Suppose -4 = -5*m + 116. What is the highest common factor of l and m?
24
Let y = 48 - -106. Let h = 47339 - 47213. Calculate the highest common divisor of y and h.
14
Let o = -8375 - -8401. Calculate the greatest common divisor of o and 234.
26
Let s = -64 - -92. Suppose 34*b = 27*b + s. Let q be (-1 - -4) + (15 - b/4). Calculate the highest common factor of 51 and q.
17
Suppose -86*i = -107*i + 35 + 91. Let g = -15 + 3. Let q be g/8*6/(-9). Calculate the highest common factor of q and i.
1
Suppose 3*f + 108*r - 106*r = 11762, -3*f - 4*r = -11758. What is the greatest common divisor of f and 106?
106
Let h(w) = -2*w**2 - 122*w + 384. Let a be h(-56). Calculate the highest common divisor of 8 and a.
8
Let v = -4328 - -4343. Calculate the highest common divisor of v and 126.
3
Let v = -1041 - -1051. What is the greatest common divisor of 730 and v?
10
Let y(f) = 4 + 4*f**2 + 3*f + 6 + 0*f. Suppose -8*v + 10*v - 3*x = -16, 18 = -5*v + 2*x. Let z be y(v). Calculate the highest common factor of 10 and z.
10
Suppose 0 = 9*t - 554 - 40. Suppose -32 = -2*v - 3*a, 12*a - 15*a = 3*v - 54. What is the greatest common divisor of v and t?
22
Let a be (-5 - (-50)/4) + (-1)/(-2). Suppose -a*l = -11*l + 30. Suppose 0 = -l*h + 77 + 33. What is the greatest common factor of h and 99?
11
Suppose -3*z - 4*g + 879 = 0, 0 = -4*z + 2*g + 2631 - 1481. What is the highest common factor of 3179 and z?
289
Let k(y) = -57*y + 3. Let u be k(-5). Suppose 4*n = -5*a + 26, 2*a + 18 = -2*n + 32. What is the highest common divisor of n and u?
9
Let w = 253 + 6. Suppose -7*o + w = -497. Suppose 166*d = 168*d - 24. What is the highest common factor of d and o?
12
Let a = -222 - -319. Let q = a + -78. Let t be 137 - (12/(-3) - -8). What is the greatest common factor of q and t?
19
Let o be ((-2)/(4/11))/((-18)/180). Suppose k + 32 = 3*m, -3*m + 2*k - 5 + 36 = 0. Calculate the highest common divisor of o and m.
11
Let s(m) = 4*m**3 + 2*m - 3. Let a be s(2). Suppose o - 3*j + 435 = 0, 3*o + 2*j + 751 = -609. Let d = o - -453. What is the greatest common factor of d and a?
3
Let j(q) = -970*q + 2420. Let l be j(-9). Calculate the highest common divisor of l and 50.
50
Let l(b) = -b**2 - 16*b + 12. Let x be l(-12). Let v be (-6)/14*7*-12. What is the highest common factor of v and x?
12
Let i(h) = 2*h**2 - 4*h - 8. Let f be i(-2). Suppose -59 = -3*c + 13. Let g = 32 + c. Calculate the highest common divisor of f and g.
8
Let i(a) = -16*a - 2. Let u be i(-3). Suppose -3483 = -102*v + 14609 + 19444. What is the highest common factor of v and u?
46
Suppose 5*b = -5*i + 275, 5*i - 4*b - 11 - 201 = 0. Calculate the greatest common factor of 176 and i.
16
Let w = 1822 + -1818. Let r be (0 - -3)*-49*-1. Suppose 0 = -w*t - 8, 4*t - r = -c - 0*t. Calculate the greatest common divisor of c and 62.
31
Let j be (-1 + -12)*(-1)/1. Suppose 3*f = -2270 - 538. Let g be ((60/(-9))/4)/(24/f). Calculate the greatest common divisor of g and j.
13
Let u be -7746*2/3*(-10 - -8). Calculate the greatest common factor of 8 and u.
8
Let v = 7197 - 7126. Calculate the highest common divisor of v and 5751.
71
Suppose 2*j + 45 = 77. Let n be 68/j*252/9. What is the greatest common factor of n and 7?
7
Suppose -6*f + 9 + 21 = 0. Let t(b) be the third derivative of 7*b**4/24 - 10*b**3/3 + b**2. Let a be t(f). What is the highest common factor of 3 and a?
3
Let a = 3110 + -2678. Calculate the greatest common factor of a and 378.
54
Suppose 103*p + 156 = 116*p. What is the greatest common divisor of p and 1686?
6
Suppose -46*v = -30*v - 176. Suppose 2*u + 90 = v*u. What is the highest common divisor of 4 and u?
2
Suppose -4*q + 506 = -v, q = v - 2*v - 516. Let x = v - -532. Calculate the highest common factor of x and 315.
9
Let x = 307 - 317. Let h be (x/35)/(1/(-7)). Calculate the greatest common factor of h and 23.
1
Suppose 69*h = 77*h - 56. What is the highest common divisor of h and 343?
7
Suppose -38*g + 1243 = 12301. Let u = 408 + g. Suppose o + b = -3*o + 35, 5*o = b + 46. Calculate the highest common factor of u and o.
9
Let w(u) = -15*u - 11. Let q be (1 + -2)*-1*0. Suppose -2*j - 3*p - 9 = 16, q = j + 3*p + 20. Let v be w(j). Calculate the highest common divisor of 8 and v.
8
Suppose 25*h - 5839 = 2961. What is the greatest common divisor of 1144 and h?
88
Let r(m) = -2*m**3 + 27*m**2 - 28*m - 3. Let l be r(12). Suppose -3*t + 0 = -l. Calculate the greatest common factor of t and 341.
31
Let b be (-2144 - -29)*1/(-3) + 8. What is the greatest common factor of 124 and b?
31
Let s be -2*((-50)/(-35))/((-2)/28). What is the highest common divisor of s and 56?
8
Suppose 5*i + 140 = 5*y, -4*y + 12*i = 9*i - 110. Suppose 0 = -20*h + y*h - 6. Calculate the greatest common divisor of h and 81.
1
Let h = -185 - -189. Suppose h*c = -94 + 310. Calculate the greatest common divisor of c and 216.
54
Suppose 0*o = 2*o - 164. Let p be 11/(-22) + (-1)/((-4)/o). Calculate the highest common factor of 180 and p.
20
Let i be ((-9)/(-2))/((-21)/28). Let t be (-60)/8*20/i. Suppose 0 = -4*a - 1 + t. What is the highest common divisor of 48 and a?
6
Suppose 649 - 433 = 8*x. What is the greatest common factor of x and 519?
3
Suppose 3*w + a - 623 = -4*a, 839 = 4*w + 5*a. Let k = w + -164. Calculate the greatest common factor of 65 and k.
13
Let u(i) = 11*i - 9. Let b be u(3). Suppose 27*s = b*s + 552. Let x = -130 + s. What is the highest common divisor of 18 and x?
18
Suppose 10*c - 14*c = -24. Suppose -25*d + 8*d + 816 = 0. Calculate the highest common factor of c and d.
6
Suppose 0 = -4*a - 21*k + 16*k + 89, -110 = -4*a + 2*k. Let w = 18 + -13. Let j = w + -3. Calculate the highest common factor of a and j.
2
Let r be 30/8*(-268)/(-201). Suppose 3*h + 3*g + 9 = r*h, 5*h - 51 = -2*g. What is the highest common factor of 6 and h?
3
Suppose 66*b = 2765 + 65017. Calculate the greatest common divisor of 13 and b.
13
Suppose -3*o + 39 = -0. What is the highest common divisor of 5 and o?
1
Let a = -1313 - -1441. Let p = 901 - 453. What is the greatest common factor of p and a?
64
Suppose -5*s + 4 = -3*o - 26, 14 = -2*s - 4*o. Suppose 5*g = d - 34, 4*d - 6*g = -s*g + 170. What is the highest common divisor of d and 352?
44
Let m(t) = -2*t**2 - 46*t + 32. Let a be m(-20). Suppose l - a = 4*z, -25*z + 29*z = 4*l - 620. What is the greatest common divisor of 104 and l?
52
Let n(s) = -s**2 - 37*s - 95. Suppose 0 = 23*r - 44*r - 630. Let g be n(r). What is the highest common factor of 46 and g?
23
Let f(v) = v**3 + 14*v**2 - 8*v - 31. Let k be f(-13). Let h be -2 - (4 + -104)